{"id":5440,"date":"2023-05-22T11:03:36","date_gmt":"2023-05-22T10:03:36","guid":{"rendered":"https:\/\/kluytmanshoreca.nl\/?post_type=product&#038;p=5440"},"modified":"2023-05-22T11:03:37","modified_gmt":"2023-05-22T10:03:37","slug":"schepijs-creme-brulee-10000ml","status":"publish","type":"product","link":"https:\/\/kluytmanshoreca.nl\/index.php\/product\/schepijs-creme-brulee-10000ml\/","title":{"rendered":"Schepijs Cr\u00e8me br\u00fbl\u00e9e 10000ml"},"content":{"rendered":"","protected":false},"excerpt":{"rendered":"","protected":false},"featured_media":0,"comment_status":"open","ping_status":"closed","template":"","meta":[],"product_brand":[],"product_cat":[19],"product_tag":[],"class_list":{"0":"post-5440","1":"product","2":"type-product","3":"status-publish","5":"product_cat-bieren","7":"first","8":"instock","9":"taxable","10":"shipping-taxable","11":"purchasable","12":"product-type-simple"},"jetpack_sharing_enabled":true,"_links":{"self":[{"href":"https:\/\/kluytmanshoreca.nl\/index.php\/wp-json\/wp\/v2\/product\/5440","targetHints":{"allow":["GET"]}}],"collection":[{"href":"https:\/\/kluytmanshoreca.nl\/index.php\/wp-json\/wp\/v2\/product"}],"about":[{"href":"https:\/\/kluytmanshoreca.nl\/index.php\/wp-json\/wp\/v2\/types\/product"}],"replies":[{"embeddable":true,"href":"https:\/\/kluytmanshoreca.nl\/index.php\/wp-json\/wp\/v2\/comments?post=5440"}],"wp:attachment":[{"href":"https:\/\/kluytmanshoreca.nl\/index.php\/wp-json\/wp\/v2\/media?parent=5440"}],"wp:term":[{"taxonomy":"product_brand","embeddable":true,"href":"https:\/\/kluytmanshoreca.nl\/index.php\/wp-json\/wp\/v2\/product_brand?post=5440"},{"taxonomy":"product_cat","embeddable":true,"href":"https:\/\/kluytmanshoreca.nl\/index.php\/wp-json\/wp\/v2\/product_cat?post=5440"},{"taxonomy":"product_tag","embeddable":true,"href":"https:\/\/kluytmanshoreca.nl\/index.php\/wp-json\/wp\/v2\/product_tag?post=5440"}],"curies":[{"name":"wp","href":"https:\/\/api.w.org\/{rel}","templated":true}]}}